ppose -l + 3 = -q. What is the units digit of l?
5
Let y(m) = -5*m - 22. What is the units digit of y(-10)?
8
Suppose 0*i - 5*i + 4*h = 72, 0 = -4*i + 5*h - 63. Suppose n - 63 = 4*n. Let q = i - n. What is the units digit of q?
9
Suppose -3*i = -5*r + 20, -r = -3*i + 5 + 3. Let z = 7 + r. What is the tens digit of z?
1
What is the units digit of (-82 + (-5 - -2))/(-1)?
5
Let c(l) = l - 4. Let i be c(10). Let y(b) = 5*b + 2. Let a be y(i). Suppose o - 8 = v, -4*o + 2*v + a = -0*o. What is the units digit of o?
8
Let q(k) = -k**2 - k + 4. Let o be q(-3). What is the units digit of (-14 - (1 + -3))/o?
6
What is the units digit of 1 - 5 - -47 - 3?
0
Let f be (-18)/15*(-10)/3. Suppose -3*i = -f*i + 15. What is the tens digit of i?
1
Let k(c) = c**2 - 4*c - 5. What is the units digit of k(8)?
7
Let n(v) = v**2 - v + 1. Let x be n(3). Let m be (-3)/(x/(-2) - -2). Suppose 5*t + 3*r - 19 = 0, 2 - 10 = m*t - 4*r. What is the units digit of t?
2
Suppose 0 = -t + 3*i + 13, 12 = 5*t - 2*i - 14. What is the units digit of t?
4
Let a(i) = i**2 + 9*i - 4. Let b be a(-10). Suppose -23 - 17 = -q. Suppose -3*p + q = 2*h, h + 2*p = b*h - 81. What is the tens digit of h?
1
Let r(q) = -2*q**3 + 2*q**2 - q. Let a be r(1). Suppose -33 = 5*l - y, 2*y - 2 = 3*y. What is the units digit of l*a/2*2?
7
Suppose -94 = -l + 91. What is the tens digit of l?
8
What is the hundreds digit of 0 + (7 + -5 - (2 - 146))?
1
Suppose 3*r = -l + 55, -3*r + 263 = 5*l - 0*l. What is the units digit of l?
2
Let t = 2 - -1. Suppose -2*h = -t*h + 16. What is the tens digit of h?
1
Suppose 16*k - 1567 + 127 = 0. What is the units digit of k?
0
Let l be (8/(-10))/(4/(-10)). Suppose -p = -2*p - 1, w - 6 = -l*p. Let o = 13 - w. What is the units digit of o?
5
Suppose 5*n + w - 23 = -w, 0 = -2*n + w + 2. Suppose -n*s + 15 = 2*g - 1, 4*g - 12 = -s. Suppose -5*v = -g*v - 12. What is the units digit of v?
4
Suppose -7*c + 5*c + 162 = 0. What is the tens digit of c?
8
Let q = 93 + -59. What is the units digit of q?
4
Let k(v) = v**3 + v**2 + 12. What is the tens digit of k(0)?
1
Suppose 11 = -2*c + x + 2*x, 4*x = 3*c + 14. What is the units digit of 8 + ((-2)/c - -1)?
8
Let i(z) = -6*z - 4. What is the tens digit of i(-7)?
3
Let j(o) = o + 97. What is the hundreds digit of j(18)?
1
Suppose 171 - 17 = 7*l. What is the units digit of l?
2
Suppose n = -2*q - 4*n + 3, -q = -4*n + 5. Let a be 1*(-2)/4*-4. Let u = a + q. What is the units digit of u?
1
Let q be 46/(-14) - (-2)/7. What is the tens digit of ((-45)/(-21) + q)*-14?
1
Let o(g) be the first derivative of -g**2/2 + 9*g + 1. Let r(q) = -q**2 + 6*q + 7. Let h be r(6). What is the units digit of o(h)?
2
Let q = -8 - -6. Let r(a) be the first derivative of a**3/3 + a**2 + a + 1. What is the units digit of r(q)?
1
Suppose -q = 3*p + q - 33, 0 = 2*q - 6. What is the units digit of p?
9
Suppose 1683 = -3*l + 14*l. What is the tens digit of l?
5
Let i = -1 + 2. Let j be (5/10)/((-3)/(-18)). Let v = j + i. What is the units digit of v?
4
Suppose -3*i - 1 + 2 = -j, 0 = 5*j - 5*i - 5. What is the units digit of j?
2
Let f = -7 - -5. Suppose -4*w - 5*r + 11 - 28 = 0, 2*w = 3*r - 3. Let i = f - w. What is the units digit of i?
1
Suppose 133 - 973 = -4*r. What is the hundreds digit of r?
2
Let d(x) = -x**3 + 6*x**2 + 4*x + 1. What is the units digit of d(6)?
5
Suppose 605 = 11*j - 1672. What is the hundreds digit of j?
2
Suppose 4*m = 3*m + 62. Suppose 5*q - m = -3*g, -q - 5*g + 70 = 4*q. What is the tens digit of q?
1
Let p = -2 - -7. Let j(o) = 1 - 4 + p*o + 1. What is the units digit of j(2)?
8
Suppose 2*v - 68 + 10 = 0. Suppose 4*c - 13 = -5*b - 3, -4*b - c = -8. Suppose -27 = -3*j - 2*p, -b*j - 5*p + v = -0. What is the units digit of j?
7
Suppose -3*g - 5*s = 4, 0 = 3*s - 2*s + 2. Suppose -q + 20 = -6*q, g*q = -3*p + 34. What is the tens digit of p?
1
Let t be 1 - 2/2*-3. Let k = -3 + 5. Suppose r + k*r - 14 = -i, 0 = -t*r + 16. What is the units digit of i?
2
Let a(p) = -p**2 + 11*p - 13. Suppose 4*z - 10 = 3*z. Let f be a(z). Let s = f + 4. What is the units digit of s?
1
Let i(h) be the second derivative of 3*h**5/5 - h**4/12 + h**3/3 - h**2/2 + h. What is the tens digit of i(1)?
1
Let n = 14 + -6. Suppose 0 = 5*r - 17 - n. Suppose 2*s - 3*w = 27, -r*w - 17 = 4*s - 82. What is the units digit of s?
5
Let q(k) be the second derivative of -k**5/20 + 5*k**4/6 + k**3/6 - 3*k**2/2 + 2*k. Let b be q(10). Let n(h) = 2*h. What is the tens digit of n(b)?
1
Let y = -180 + 204. What is the units digit of y?
4
Suppose -3*x + 6 = -0*x. Let u = x + 12. What is the units digit of u?
4
Let y = 215 - 142. What is the units digit of y?
3
What is the units digit of -1*(1 - 95) + 3?
7
What is the units digit of (-4)/22*-1 + 430/55?
8
Let w(z) = -z**2 - 6*z - 3. Suppose 4*s - 1 = 3, -t - 9 = -3*s. Let p be w(t). Let y = 18 + p. What is the units digit of y?
5
Let q(o) = -8*o - 2. Let d(r) = r**3 + 7*r**2 - r - 9. Let y be d(-7). What is the units digit of q(y)?
4
Let b = 1 - 1. Suppose -l + 5 = b, 31 - 6 = 2*q + 5*l. Suppose q = -0*i - 2*i + 6. What is the units digit of i?
3
What is the tens digit of -1 - (-58 + (2 - 4))?
5
Let w(u) = 4*u - 8. Let h be w(5). Suppose -3*s - 3 = -2*m - 33, -5*m = 5*s - 50. Let a = h - s. What is the units digit of a?
2
Let a(c) = 2*c**3 + c**2 - 2*c + 1. Let n be a(1). Suppose 0*d + 2*d + n*b - 106 = 0, -5*d - b + 277 = 0. What is the units digit of d?
6
Let l(p) = p**3 - 5*p**2 + p - 1. Suppose 8*d - 5 = 7*d. What is the units digit of l(d)?
4
Suppose 3*p = 4*o - 23, -2*o = o - 5*p - 9. Let w = -9 + 2. Let l = o + w. What is the units digit of l?
1
Let x(u) = -17*u + 55. What is the hundreds digit of x(-9)?
2
Let u = -14 + 17. Suppose i - 4 = 0, 40 = -u*t + 4*t + i. What is the tens digit of t?
3
Let w(n) = 9*n + 3. What is the units digit of w(3)?
0
Let l(v) = v**2 - 2*v + 2. Let p be l(2). Suppose p*w + w - 72 = 0. What is the tens digit of w?
2
Suppose 249 - 801 = -6*u. What is the tens digit of u?
9
Let i(l) = l**3 - 4*l**2 - l + 3. Let d be i(4). Suppose -4*x + 14 = 3*x. Let p = x - d. What is the units digit of p?
3
Let l = 25 - -36. What is the units digit of l?
1
Let c = -4 + 55. What is the tens digit of c?
5
Suppose -5*c = -256 - 1339. What is the units digit of c?
9
Let a(s) = 4*s**2 + 2*s - 3. What is the tens digit of a(-3)?
2
Let h(j) = -29*j + 3. Let c be h(-3). Suppose 2*d - 26 = 5*a + 48, 3*d = -3*a + c. Suppose 0 = -5*f + f + d. What is the units digit of f?
8
Let q = 17 - 7. What is the units digit of q?
0
Let b = -19 - -13. What is the units digit of (-20)/(-15)*b/(-4)?
2
Let b(f) be the second derivative of -f**5/10 - f**4/12 + f**2 + f. Let v(t) = -t**2 - 3*t + 2. Let o be v(-4). What is the units digit of b(o)?
4
Suppose -3*c - 6 = -30. Suppose c = -g - 4. What is the units digit of (g/5)/(3/(-15))?
2
Let q(k) = -10*k + 13. Let m(w) = -5*w + 7. Let x(y) = 11*m(y) - 6*q(y). What is the units digit of x(3)?
4
Suppose -4*d + 12 = -16. Let r = d + 0. Let n = r - 3. What is the units digit of n?
4
Suppose -4*a + 5*b + 79 = 0, -3*a + 8*a - 102 = 3*b. What is the units digit of a?
1
Suppose 3*j + 5 = -5*h - j, 3*j + 15 = 0. Suppose h*x - 3 - 3 = 0. What is the units digit of x?
2
Let w(z) = -3*z**2 - 6*z + 7. Let y(a) = 4*a**2 + 9*a - 11. Let s(o) = -7*w(o) - 5*y(o). Suppose -2 = 2*h, t + 5*h - h = 0. What is the units digit of s(t)?
0
What is the units digit of (-7 + 3)/(6/(-24))?
6
Suppose 4*f = -5*h, 4*f + f + 5*h = 0. Suppose f*z + 60 = 3*z. Let r = -6 + z. What is the units digit of r?
4
Suppose -4*r = -0*r. Suppose 4*f + c + 72 = r, 2*c + 3*c = 5*f + 115. Let y = -3 - f. What is the tens digit of y?
1
Suppose -105 = -4*a + a. Suppose p + 22 - 1 = 0. Let u = p + a. What is the tens digit of u?
1
Suppose 2*h + 3*h = -4*p + 64, -4*p = -5*h - 24. Suppose x + p = 34. What is the units digit of x?
3
Suppose -2*p = -5*x + 29, -x = -4*p + x - 66. Let d = 4 + p. Let t = -5 - d. What is the units digit of t?
8
Suppose 0 = 3*g - 12. Suppose -3*c + 0*c + 39 = 0. Suppose -6*n + n + a + 9 = 0, -g*a - c = 3*n. What is the units digit of n?
1
Let f(r) be the first derivative of -1/3*r**3 + 3*r - 5/2*r**2 + 3. What is the units digit of f(-4)?
7
Suppose -4*h - c = 3*c - 56, 2*c - 8 = 0. Let z(l) = l**3 - 11*l**2 + 11*l + 2. What